+ g. What is the highest common factor of h and 492?
41
Suppose -85*r - 42*r + 77216 = 0. Calculate the highest common divisor of r and 256.
32
Let v(n) = 4*n**2 - 11*n - 7. Let b be v(4). Suppose -6 = 3*r, y - 3*r + 2 - b = 0. Calculate the highest common factor of y and 19.
1
Suppose 0 = -5*s - h - 144 + 685, 0 = 5*s - 4*h - 536. Calculate the greatest common factor of 5976 and s.
36
Let s be (406/42)/29*3. Suppose 3 = -2*u + 5. What is the highest common divisor of s and u?
1
Let y be (2 - 1)/(-1)*-15. Let a(o) = 30*o + 26. Let s be a(6). Let j = 209 - s. Calculate the greatest common factor of y and j.
3
Let r = -3581 + 3815. Calculate the highest common divisor of 832 and r.
26
Let r = 102 + -70. Let h = 792 + -568. Calculate the highest common divisor of r and h.
32
Suppose 2*b - 38 + 24 = -4*h, 0 = -b + 2*h + 11. Calculate the highest common factor of 219 and b.
3
Let v(k) = k**3 + 64*k**2 - 349*k - 551. Let h be v(-67). Calculate the highest common factor of h and 5.
5
Let f(o) = o**2 - 2*o + 16. Let r be f(-8). Let z be (1 - (-94)/6)*r/(-80). Let b be ((-2)/5)/(1/z). Calculate the highest common divisor of b and 16.
8
Suppose -5*u - 178 = -4*t + 596, -t = -3*u - 197. Let p be 7 + -6 + 3 - -55. Suppose t - p = s. Calculate the greatest common factor of s and 12.
12
Let w be (20/6)/(2/18). Let q(i) = -3*i**3 + 20*i**2 + 53*i - 30. Let j be q(-4). Calculate the highest common factor of w and j.
30
Suppose -3*n - 102 = -3*s - 6, 0 = 4*n + 16. Suppose 10*u + 12*u + 2728 = 0. Let z = u - -166. What is the highest common divisor of s and z?
14
Let l(f) = 47*f - 1575. Let r be l(36). What is the greatest common factor of 273 and r?
39
Suppose -216*v = -207*v - 2007. Let j = -193 + v. What is the highest common factor of j and 50?
10
Suppose -192 = 30*i - 1334 - 1138. What is the greatest common factor of 380 and i?
76
Let f be -6*(-272)/12 - 0/(-4). Suppose -16*s + f + 184 = 0. Let d be ((-81)/60 - 8/s)*-4. What is the greatest common divisor of 21 and d?
7
Suppose -12*k - 15 + 567 + 12 = 0. What is the greatest common factor of k and 14711?
47
Let l(t) = -333*t - 103. Let b be l(-2). Let c = b - 556. Let s = 31 - 10. Calculate the greatest common factor of s and c.
7
Suppose 0 = 10*i + 9*i - 209. Suppose i*y = 12*y - 259. What is the greatest common factor of y and 37?
37
Let x(v) = -v**3 + v**2 + v + 11. Let h be x(0). Suppose -202 + 4 = -3*i. Suppose -9*m + i = -7*m. What is the highest common divisor of h and m?
11
Let x = -85 - -85. Suppose x = -98*d + 109*d - 1859. What is the highest common factor of 13 and d?
13
Let h = 161 - 147. Let d be 0 + 3 - (12 - h). Let r be (3 + -2)/(-3 - -4). What is the greatest common factor of d and r?
1
Let k be (-4)/10 + 88*11/220. Suppose 0 = 5*g + 3*i - 88 + 2, k*g - i - 62 = 0. Calculate the greatest common factor of g and 2.
2
Suppose 3*x - 5*x = 3*f + 251, 3*f - 339 = 3*x. Let b = x + 130. What is the highest common factor of 96 and b?
12
Let h be 2*((-4)/1 + 0). Let j be (-8)/6 + 19/57. Let d be (-1)/(((-1)/h)/j). Calculate the greatest common factor of 72 and d.
8
Let r = -361 - -776. Let k = r + -407. Suppose 0 = -0*t - 3*t + 192. Calculate the highest common divisor of t and k.
8
Suppose -4*m - 46 + 198 = 0. Suppose q - m = -128. Let a be (q/(1 - 4))/2. What is the greatest common factor of a and 45?
15
Suppose 47*g - 649 + 38 = 0. Let d(s) = -s + 1. Let m be d(-1). Suppose 471 = m*n + 185. Calculate the highest common divisor of g and n.
13
Suppose z = -3*f + 7, 4*z - 2*f = f + 73. Suppose 5 = 5*w, 18*p + 3*w = 16*p + 211. Calculate the greatest common factor of p and z.
8
Suppose 0 = -4*u + 5*c + 89, 401 = -3*u + 5*c + 474. Calculate the highest common factor of 292 and u.
4
Let l(r) = 13*r - 20. Let v = -1 - -3. Suppose 0 = -2*j + 4*s, 4*j - 40 = -0*s - v*s. Let t be l(j). Calculate the highest common factor of 12 and t.
12
Suppose -105 = -3*i - 51. Suppose 601*a = 595*a + 162. Calculate the highest common divisor of a and i.
9
Suppose 0 = -5*d - 3*h - 11971 + 75814, d = -h + 12771. What is the greatest common factor of d and 111?
111
Suppose 0 = 5*u - 48 - 2. Suppose -68*l + 66*l = 2*s - 8, 6*l + 3*s = 42. Calculate the greatest common factor of l and u.
10
Let j = 1293 + -1258. What is the greatest common factor of 70 and j?
35
Suppose 33*b = 37*b + 2268. Let p = b + 687. Calculate the highest common factor of 30 and p.
30
Suppose -60050 + 24476 = -42*k. What is the greatest common divisor of 14 and k?
7
Suppose -52 = -23*s + 22*s - 3*g, 0 = -5*s - g + 358. Calculate the highest common divisor of 1 and s.
1
Suppose 23*b = -u + 25*b + 7, u = 5*b + 1. Calculate the highest common factor of u and 3421.
11
Let k = -698 - -703. Suppose -11844 = -23*f - k*f. Calculate the greatest common factor of 47 and f.
47
Suppose -2*l + 3*l = 4*p - 2, -l - 2*p = -4. Suppose -l*b - 81 = -79. Let a be 28 + b/(1/4). Calculate the greatest common divisor of 32 and a.
8
Let r be 64/672 - (-3988)/21. What is the highest common divisor of r and 3040?
190
Suppose 8*s = 13*s + 5. Let n be s + (-553)/(-2) + 18/(-36). What is the highest common divisor of n and 110?
55
Suppose 868 = 156*y - 142*y. Calculate the highest common divisor of 992 and y.
62
Let p be -22 - (-3 - 1 - -4). Let r = p + 24. Let n be 4/(-20)*0 - (3 + -13). What is the greatest common factor of n and r?
2
Suppose -934 = -6*t + 188. Suppose 2*i - 2 - 20 = 0. Calculate the highest common divisor of i and t.
11
Suppose o - n = 3, 3*o + 3*n - 10 = 5*n. Suppose 2*q - 17 = -x + 22, o*x - 3*q - 145 = 0. Calculate the greatest common factor of 407 and x.
37
Suppose 0 = z + 2*b + 7, 38 = 4*z + 55*b - 53*b. Let w be 648 + 9/(0 + -3). Calculate the greatest common factor of z and w.
15
Suppose 4*g = -9*b + 4*b + 651, 5*b - 653 = -2*g. What is the highest common factor of b and 22139?
131
Let d(m) = 16*m**2 + 38*m - 238. Let b be d(5). Suppose -12*u + 96 = -9*u. Calculate the highest common factor of u and b.
32
Let n(d) = -4*d**2 - 3*d + 8. Let q be n(-6). Let t = q + 182. Suppose 5*z - t = 216. What is the highest common divisor of z and 28?
28
Let t(q) = -q**3 - 12*q**2 + 13*q + 8. Let k be t(-13). Suppose -8*s = -8 - k. Let l be s/(-3)*3/(-2). What is the greatest common divisor of 8 and l?
1
Let v = 950 - 857. Let t = 73 - 130. Let l = v + t. Calculate the greatest common divisor of 27 and l.
9
Suppose -91*q - 16165 = -96*q. Calculate the greatest common factor of q and 244.
61
Suppose 2183 + 20902 = 95*p. Let l = -3 + 7. Suppose -5*y + l*y = -27. What is the highest common factor of y and p?
27
Suppose 18*o + 805 = 13*o. Let t be 1 - (o/35 - (-3)/5). Suppose l - 30 = -t*l. What is the greatest common factor of l and 5?
5
Suppose 132184 = 137*i - 370195. What is the highest common divisor of 19 and i?
19
Suppose -2*v = 2*b + 172, 0 = 3*b - 5*v + 307 - 73. Let k = -62 - b. Calculate the highest common divisor of 49 and k.
7
Let y = -2479 - -2836. What is the greatest common divisor of y and 1764?
21
Suppose -5*w = -3*z + 143, -5*z + 2*w = -9*z + 208. What is the greatest common factor of 748 and z?
17
Suppose 2*w = 5 - 1. Let b be (-6)/(-12)*50 - (5 + -1). Suppose 31*c - b*c = 10. Calculate the greatest common divisor of w and c.
1
Suppose 504 = 64*w - 55*w. What is the greatest common factor of w and 658?
14
Let f be (-28)/3*(-3 + -30). Suppose 325*j - 15882 = 9143. What is the greatest common factor of f and j?
77
Let y(o) = -36*o - 163. Let u be y(-9). Let m be u - -6*(-3)/18. What is the greatest common factor of 5 and m?
5
Let s be 1/11 + 69/(-33). Let l be 92/5*(7 + s). Calculate the highest common factor of 138 and l.
46
Let m(w) = 3*w - 11. Let o be m(5). Suppose -o*r + 175 + 305 = 0. Suppose -t + 16 = -4*j, -2*t + 106 = 2*t + 5*j. What is the highest common factor of r and t?
24
Suppose -39*j + 160 = -34*j. Let g = -228 - -232. Calculate the greatest common divisor of g and j.
4
Let z be -4 - 1/(-5 + 4)*8. Let i(v) = -2*v**3 + 8*v**2 + 10*v - 17. Let y be i(z). Calculate the greatest common factor of 207 and y.
23
Let x be -3*16/(-60)*(6 - 693/(-22)). Calculate the greatest common divisor of x and 4395.
15
Let z(r) = 162*r**2 + 40*r - 49. Let b be z(-5). Calculate the greatest common factor of 7 and b.
7
Suppose -4*i + 3*i - 4*j + 119 = 0, 5*